prime factors of 177?
3, 59
What are the prime factors of 25540?
2, 5, 1277
List the prime factors of 2435.
5, 487
List the prime factors of 11315.
5, 31, 73
What are the prime factors of 8322?
2, 3, 19, 73
What are the prime factors of 64886?
2, 32443
What are the prime factors of 639?
3, 71
List the prime factors of 9093.
3, 7, 433
What are the prime factors of 23055?
3, 5, 29, 53
What are the prime factors of 41041?
7, 11, 13, 41
List the prime factors of 403.
13, 31
What are the prime factors of 665?
5, 7, 19
What are the prime factors of 66717?
3, 7, 353
What are the prime factors of 382?
2, 191
What are the prime factors of 29948?
2, 7487
List the prime factors of 6451.
6451
What are the prime factors of 6347?
11, 577
What are the prime factors of 153299?
41, 3739
What are the prime factors of 31833?
3, 131
What are the prime factors of 8253?
3, 7, 131
List the prime factors of 2446.
2, 1223
List the prime factors of 843.
3, 281
What are the prime factors of 5747?
7, 821
List the prime factors of 122938.
2, 61469
List the prime factors of 169807.
11, 43, 359
List the prime factors of 41.
41
What are the prime factors of 4263?
3, 7, 29
What are the prime factors of 2193?
3, 17, 43
What are the prime factors of 112771?
112771
What are the prime factors of 123?
3, 41
List the prime factors of 1369.
37
What are the prime factors of 2689?
2689
List the prime factors of 6169.
31, 199
What are the prime factors of 3825?
3, 5, 17
What are the prime factors of 10693?
17, 37
List the prime factors of 16287.
3, 61, 89
List the prime factors of 2324.
2, 7, 83
List the prime factors of 1286.
2, 643
List the prime factors of 42554.
2, 21277
What are the prime factors of 7233?
3, 2411
What are the prime factors of 2076?
2, 3, 173
What are the prime factors of 8801?
13, 677
What are the prime factors of 44?
2, 11
List the prime factors of 10872.
2, 3, 151
List the prime factors of 288.
2, 3
What are the prime factors of 375?
3, 5
List the prime factors of 2324.
2, 7, 83
List the prime factors of 472.
2, 59
What are the prime factors of 5301?
3, 19, 31
What are the prime factors of 49263?
3, 16421
What are the prime factors of 1862?
2, 7, 19
List the prime factors of 992.
2, 31
What are the prime factors of 6173?
6173
What are the prime factors of 1906?
2, 953
What are the prime factors of 85304?
2, 10663
List the prime factors of 1877.
1877
What are the prime factors of 8023?
71, 113
What are the prime factors of 1627?
1627
List the prime factors of 474.
2, 3, 79
List the prime factors of 73191.
3, 31, 787
List the prime factors of 806.
2, 13, 31
List the prime factors of 65001.
3, 47, 461
What are the prime factors of 32762?
2, 16381
What are the prime factors of 11358?
2, 3, 631
What are the prime factors of 46023?
3, 23, 29
What are the prime factors of 30523?
131, 233
What are the prime factors of 1103?
1103
List the prime factors of 22.
2, 11
What are the prime factors of 45?
3, 5
List the prime factors of 83.
83
What are the prime factors of 1748?
2, 19, 23
What are the prime factors of 58469?
59, 991
List the prime factors of 18661.
18661
What are the prime factors of 283?
283
List the prime factors of 2084.
2, 521
List the prime factors of 1593.
3, 59
What are the prime factors of 525?
3, 5, 7
List the prime factors of 52704.
2, 3, 61
List the prime factors of 91.
7, 13
What are the prime factors of 6511?
17, 383
What are the prime factors of 2971?
2971
What are the prime factors of 1395?
3, 5, 31
List the prime factors of 990.
2, 3, 5, 11
List the prime factors of 921.
3, 307
List the prime factors of 242.
2, 11
List the prime factors of 888.
2, 3, 37
List the prime factors of 984.
2, 3, 41
What are the prime factors of 8142?
2, 3, 23, 59
List the prime factors of 32535.
3, 5, 241
List the prime factors of 3233.
53, 61
List the prime factors of 39325.
5, 11, 13
List the prime factors of 19848.
2, 3, 827
What are the prime factors of 238?
2, 7, 17
What are the prime factors of 3865?
5, 773
What are the prime factors of 12703?
12703
List the prime factors of 1760.
2, 5, 11
List the prime factors of 37370.
2, 5, 37, 101
List the prime factors of 4527.
3, 503
What are the prime factors of 29324?
2, 7331
List the prime factors of 3989.
3989
What are the prime factors of 3536?
2, 13, 17
What are the prime factors of 910?
2, 5, 7, 13
List the prime factors of 15422.
2, 11, 701
List the prime factors of 696.
2, 3, 29
List the prime factors of 57166.
2, 101, 283
What are the prime factors of 89253?
3, 47, 211
What are the prime factors of 4?
2
List the prime factors of 3403.
41, 83
What are the prime factors of 1810?
2, 5, 181
List the prime factors of 33761.
7, 13, 53
What are the prime factors of 21531?
3, 7177
What are the prime factors of 274?
2, 137
What are the prime factors of 14268?
2, 3, 29, 41
What are the prime factors of 6523?
11, 593
List the prime factors of 32478.
2, 3, 5413
What are the prime factors of 8790?
2, 3, 5, 293
List the prime factors of 119916.
2, 3, 3331
What are the prime factors of 103914?
2, 3, 23, 251
List the prime factors of 61336.
2, 11, 17, 41
What are the prime factors of 11019?
3, 3673
List the prime factors of 1325.
5, 53
What are the prime factors of 35167?
11, 23, 139
List the prime factors of 44753.
44753
List the prime factors of 1108.
2, 277
What are the prime factors of 7942?
2, 11, 19
What are the prime factors of 1944?
2, 3
What are the prime factors of 2325?
3, 5, 31
What are the prime factors of 38481?
3, 101, 127
What are the prime factors of 42164?
2, 83, 127
What are the prime factors of 50324?
2, 23, 547
List the prime factors of 12672.
2, 3, 11
List the prime factors of 1074.
2, 3, 179
List the prime factors of 6645.
3, 5, 443
List the prime factors of 5405.
5, 23, 47
What are the prime factors of 1365?
3, 5, 7, 13
List the prime factors of 89357.
19, 4703
List the prime factors of 48307.
7, 67, 103
What are the prime factors of 18775?
5, 751
List the prime factors of 8790.
2, 3, 5, 293
List the prime factors of 867.
3, 17
List the prime factors of 1702.
2, 23, 37
List the prime factors of 4952.
2, 619
List the prime factors of 6697.
37, 181
List the prime factors of 23001.
3, 11, 17, 41
List the prime factors of 3068.
2, 13, 59
What are the prime factors of 57382?
2, 13, 2207
What are the prime factors of 1524?
2, 3, 127
List the prime factors of 508.
2, 127
List the prime factors of 187340.
2, 5, 17, 19, 29
List the prime factors of 49615.
5, 9923
List the prime factors of 3321.
3, 41
What are the prime factors of 39776?
2, 11, 113
What are the prime factors of 2834?
2, 13, 109
What are the prime factors of 22280?
2, 5, 557
What are the prime factors of 2486?
2, 11, 113
List the prime factors of 52015.
5, 101, 103
What are the prime factors of 14962?
2, 7481
List the prime factors of 1003.
17, 59
What are the prime factors of 33501?
3, 13, 859
List the prime factors of 265.
5, 53
List the prime factors of 592.
2, 37
List the prime factors of 1326.
2, 3, 13, 17
What are the prime factors of 680?
2, 5, 17
List the prime factors of 1755.
3, 5, 13
List the prime factors of 1486.
2, 743
List the prime factors of 37989.
3, 7, 67
List the prime factors of 17880.
2, 3, 5, 149
What are the prime factors of 10269?
3, 7, 163
What are the prime factors of 5261?
5261
What are the prime factors of 62067?
3, 17, 1217
What are the prime factors of 60053?
7, 23, 373
What are the prime factors of 13652?
2, 3413
List the prime factors of 217.
7, 31
List the prime factors of 1552.
2, 97
What are the prime factors of 49000?
2, 5, 7
List the prime factors of 1903.
11, 173
What are the prime factors of 160242?
2, 3, 17, 1571
What are the prime factors of 3099?
3, 1033
List the prime factors of 11810.
2, 5, 1181
What are the prime factors of 14529?
3, 29, 167
List the prime factors of 39402.
2, 3, 11, 199
List the prime factors of 1724.
2, 431
What are the prime factors of 1966?
2, 983
What are the prime factors of 23690?
2, 5, 23, 103
What are the prime factors of 492?
2, 3, 41
What are the prime factors of 126?
2, 3, 7
List the prime factors of 8054.
2, 4027
List the prime factors of 2690.
2, 5, 269
List the prime factors of 85287.
3, 28429
What are the prime factors of 318?
2, 3, 53
List the prime factors of 1108.